{"id":46,"date":"2014-11-05T19:54:16","date_gmt":"2014-11-05T17:54:16","guid":{"rendered":"http:\/\/www.kurnaz-tank.de\/hans\/?page_id=46"},"modified":"2025-10-31T17:44:11","modified_gmt":"2025-10-31T15:44:11","slug":"ingrid-berg-2","status":"publish","type":"page","link":"http:\/\/www.alleinunterhalter-hens.de\/?page_id=46","title":{"rendered":"Ingrid Berg"},"content":{"rendered":"<p>Ingrid Berg hat schon als Kind gerne gesungen. W\u00e4hrend ihrer Schulzeit sang sie im Kinderchor und sp\u00e4ter im gemischten Chor. Mit 22 Jahren bekam Ingrid die M\u00f6glichkeit, bei einer Big Band als S\u00e4ngerin aufzutreten. Sp\u00e4ter sang Ingrid bei einer Blaskapelle.<\/p>\n<p>Vor einigen Jahren fing Ingrid Berg an, sich f\u00fcr die Welt der Musicals zu begeistern. Sie wirkte seit dieser Zeit bei verschiedenen Musical Gala\u00b4s in der Region mit. So zum Beispiel bei \u201eMusical goes church\u201c in der Klosterkirche Immichenhain, \u201eNacht der Musicals\u201c an der Seeb\u00fchne in Schwarzenborn 2008, \u201eMusical Highlights\u201c 2009 in Alsfeld, \u201eMusical Emotions\u201c 2010 in der alten Schuhfabrik Immichenhain &#8222;Nacht der Musicals&#8220; an der Seeb\u00fchne Schwarzenborn 2011 und bei den j\u00e4hrlichen Musical-Veranstaltungen an der Totenkirche unter Karin George sowie im Ensemble bei dem Musical Stalag IX A von S\u00f6ren Flimm und Tobias Geisel. Ingrid sang viele Jahre mit dem Ensemble Vierklang.<\/p>\n<p>Ingrid Berg spielt Tenorhorn im evangelischen Posaunenchor Ziegenhain.<\/p>\n<p>Im Jahre 2009 kamen Ingrid Berg und der Musikant Johannes Schultheis, bei einem\u00a0gemeinsamen Gesangsauftritt bei einer Blaskapelle \u00fcberein, ein Gesangsduo zu bilden. Seit dieser Zeit sind Hens und Ingrid im Schwalm-Eder-Kreis und \u00fcber dessen Grenzen hinaus musikalisch das ganze Jahr unterwegs.<\/p>\n","protected":false},"excerpt":{"rendered":"<p>Ingrid Berg hat schon als Kind gerne gesungen. W\u00e4hrend ihrer Schulzeit sang sie im Kinderchor und sp\u00e4ter im gemischten Chor. Mit 22 Jahren bekam Ingrid die M\u00f6glichkeit, bei einer Big [&hellip;]<\/p>\n","protected":false},"author":1,"featured_media":0,"parent":0,"menu_order":0,"comment_status":"open","ping_status":"open","template":"template-fullwidth.php","meta":{"footnotes":""},"class_list":["post-46","page","type-page","status-publish","hentry"],"_links":{"self":[{"href":"http:\/\/www.alleinunterhalter-hens.de\/index.php?rest_route=\/wp\/v2\/pages\/46","targetHints":{"allow":["GET"]}}],"collection":[{"href":"http:\/\/www.alleinunterhalter-hens.de\/index.php?rest_route=\/wp\/v2\/pages"}],"about":[{"href":"http:\/\/www.alleinunterhalter-hens.de\/index.php?rest_route=\/wp\/v2\/types\/page"}],"author":[{"embeddable":true,"href":"http:\/\/www.alleinunterhalter-hens.de\/index.php?rest_route=\/wp\/v2\/users\/1"}],"replies":[{"embeddable":true,"href":"http:\/\/www.alleinunterhalter-hens.de\/index.php?rest_route=%2Fwp%2Fv2%2Fcomments&post=46"}],"version-history":[{"count":16,"href":"http:\/\/www.alleinunterhalter-hens.de\/index.php?rest_route=\/wp\/v2\/pages\/46\/revisions"}],"predecessor-version":[{"id":2392,"href":"http:\/\/www.alleinunterhalter-hens.de\/index.php?rest_route=\/wp\/v2\/pages\/46\/revisions\/2392"}],"wp:attachment":[{"href":"http:\/\/www.alleinunterhalter-hens.de\/index.php?rest_route=%2Fwp%2Fv2%2Fmedia&parent=46"}],"curies":[{"name":"wp","href":"https:\/\/api.w.org\/{rel}","templated":true}]}}